6. Calculate p(g).
-9
Let q(k) = 37*k + 33*k + 33*k - 101*k. Give q(8).
16
Let i = 135 - 140. Let k(x) = 4*x + 13. Determine k(i).
-7
Let r(i) = 5*i - 5. Let f(q) = q - 1. Let d be (0 - -2) + 27/9. Suppose -d*l = -4*l - 4. Let w(v) = l*f(v) - r(v). Give w(7).
-6
Let t be (-1365)/(-49) + (-1)/(-7). Let w be ((-34)/(-4) - 1)*t/21. Let p(c) = -c + 13. Give p(w).
3
Suppose d = -u - 0*u + 18, 2*u = 2*d - 20. Suppose 14 + 2 = -3*b - 4*i, -d = 4*b - 2*i. Let m(t) = -4*t - 6. What is m(b)?
10
Let g(k) = -2*k**3 + 2*k**3 - 315*k + 10 + 9*k**2 + 318*k + k**3. Calculate g(-9).
-17
Let t(r) = r**2 + 10*r - 18. Suppose -14 = -s - 5*i, -56*s + 57*s + 2*i + 1 = 0. What is t(s)?
-7
Let x be 6/15*(-40 - -20). Let r(m) = m**3 + 9*m**2 + 10*m + 7. Calculate r(x).
-9
Let j be -2*1*7/(-14). Let s(u) = 2*u**3 - u**2 + 2*u - 1. Let i be s(j). Let l(t) = -t**i - 2 + 4 - 3*t + 2*t. What is l(0)?
2
Let s(h) = 15*h + 2. Let j(l) = 6*l + 1. Let k(b) = 5*b + 1. Let t(o) = -3*j(o) + 2*k(o). Let g(y) = -3*s(y) - 5*t(y). Calculate g(-2).
9
Let b(a) = 1541*a + 2 - 3 - 1539*a. What is b(6)?
11
Let b(f) be the third derivative of 0*f - 1/3*f**3 + 1/120*f**6 + 4*f**2 - 1/10*f**5 + 1/4*f**4 + 0. Let r = 5 + 0. What is b(r)?
3
Let a(q) = q - 11. Suppose 3*s - 87 = -4*x + 4*s, 3*x = -4*s + 70. Let t = 21 - x. Let y be (-30)/75*(t - 19). Give a(y).
-3
Let p be (-3 + -2)*(-4)/10. Suppose -p*d - 11 = -a, -4*a + 4 + 4 = 4*d. Let y(q) = -2 + 0*q**2 - 3 + 2*q - 5*q**2 + q**3. Calculate y(a).
5
Let a = 580 - 587. Let j(z) = z**2 - 7. What is j(a)?
42
Let p(c) = 3*c. Let d(u) = -3*u**2 + 5*u - 2. Let w be d(3). Let n = 6 + w. Give p(n).
-24
Let b(p) = p**3 - 6*p**2 + 6*p. Let z = 399 - 395. Give b(z).
-8
Let a(l) = -l**3 - 4*l**2 - 5*l + 1. Let q be 6 - (-15 - -11) - 14. Determine a(q).
21
Let j(m) = m**3 + 9*m**2 + 7*m - 7. Let w = -79 - -71. Calculate j(w).
1
Let n(x) = -x**3 + x**2 - x + 10. Suppose 0*r + 6 = 3*r. Suppose 0 = -6*p + r*p. What is n(p)?
10
Let j(y) be the second derivative of y**3/2 - 8*y**2 + 21*y. Let n be j(7). Let t(c) = c**2 - 4*c + 2. What is t(n)?
7
Let o(i) = 83*i**2 + 16*i + 3. Let c(r) = -97*r**2 - 19*r - 3. Let x(q) = -6*c(q) - 7*o(q). Let v = 7 - 11. Let n be (-1)/(-2) - (-14)/v. Calculate x(n).
0
Suppose -6 = -19*f + 21*f. Let w(q) = -q**3 - 7*q + 4. Let r(k) = 3*k**3 + k**2 + 20*k - 12. Let i(g) = 4*r(g) + 11*w(g). Give i(f).
-4
Let h(u) = 4*u**3 - 3 - 7*u + 5 + 13*u**2 + 20*u - 4*u**3 + u**3. Give h(-12).
-10
Let l(o) = -o**3 + 15*o**2 - 14*o + 5. Suppose -2*w - 52 = -3*f, -f + 3*w - w = -24. Let i be l(f). Let s(n) = -n**3 + 4*n**2 + 8*n - 4. Determine s(i).
11
Let q(g) = 25 + g**2 - g + 28 - 72 - 3*g**2 + 20. Suppose 2*n = 3*r - 5, -r - 3*r + 3*n + 7 = 0. Calculate q(r).
-2
Let s = 18 - 15. Let m(k) = 9*k + 3 - 6 + 0*k**2 + s*k**2 - 4*k**2. Determine m(9).
-3
Let s(t) = -11 + 2*t**3 + 0*t**3 + 195*t**2 + t - 196*t**2 - t**3. Determine s(0).
-11
Let c(l) = -13*l - 16 + 29*l - 10*l - 9*l. Give c(-11).
17
Let u(j) = -j**3 - 2*j**2 + 15*j - 10. Let i(c) = -c**3 - c**2 + 16*c - 11. Let b(x) = -6*i(x) + 7*u(x). Let k = -212 - -203. What is b(k)?
-4
Suppose 4*z + 4*g = 36, 3*g - 13 = -4. Let n(w) = 18 + w - 6 - z. Calculate n(-6).
0
Let k(x) = x**3 + 7*x**2 + x + 11. Let z be k(-7). Let n(u) = 25*u + z - 52*u - u**2 + 24*u. Calculate n(-5).
-6
Let q(i) = -i**2 - 9*i + 12. Let z be q(-10). Let h(m) = -10*m**3 + 9*m**2 + m - 10. Let c(f) = -2*f**3 + 2*f**2 - 2. Let b(d) = -11*c(d) + 2*h(d). Give b(z).
6
Let z(f) = -2*f. Let p(q) = 2 - 1 - q**2 - 5*q + 4*q**2. Let g be p(2). What is z(g)?
-6
Let z(f) be the third derivative of f**4/4 + f**3/3 - f**2. Suppose 91 = 18*w - 5*w. Suppose 2*o = -4*j - 3*o + w, 5*j = o - 13. Calculate z(j).
-10
Let y = -39 + 46. Let n(v) = 2*v - 2*v**2 + 7*v**2 + 323*v**3 + 7*v - 324*v**3 - y. Calculate n(6).
11
Let k(z) = -5*z**3 + 8*z**2 - 3*z + 5. Let d(n) = 11*n**3 - 16*n**2 + 7*n - 11. Let c(u) = -4*d(u) - 9*k(u). Give c(8).
-9
Let n(f) = -f**2 + f. Let c(h) = -6*h**2 - 2*h + 2. Let l(w) = -c(w) + 5*n(w). Suppose -42*r - 139 = 113. Calculate l(r).
-8
Let j(z) = 2*z**2 - 4*z - 3. Let y be j(-1). Let p(c) = -5*c + 3*c - y + 0*c - c**2 - 3*c. Calculate p(-3).
3
Let v(r) = r**3 - 2*r**2 - 2*r + 2. Let l(p) be the first derivative of -p**3/3 - p**2/2 + p - 5. Let m(a) = -l(a) + v(a). What is m(2)?
3
Let y(d) = -d**2 + d + 1. Let b(k) = 7*k**2 - 12*k - 2. Suppose -14 = o - 9. Let i(c) = o*y(c) - b(c). Determine i(5).
-18
Let m(v) = -2*v - 1. Let k(i) = -5*i + 13. Let p be k(4). Let j = p - -10. Suppose g - 4 + 10 = -j*d, 3*g + 8 = d. What is m(g)?
5
Let w(z) be the third derivative of z**8/6720 + z**7/420 + z**6/720 - z**5/60 + z**4/4 + 16*z**2. Let g(v) be the second derivative of w(v). Calculate g(-6).
-8
Let d(g) = 8 + 12*g + 280337*g**3 + 2 + 4*g - 280336*g**3 + 15*g**2. What is d(-14)?
-18
Let u(c) = -c**2 - 9*c + 5. Suppose 3*r = r + 4*v + 14, 0 = 2*r - v - 8. Suppose 4*l = -r*x + 2 - 24, -2*x - 3*l - 14 = 0. Determine u(x).
-5
Let o = -636 + 636. Let x(i) be the second derivative of 3*i**2 + o - 1/2*i**3 - 2*i. Determine x(5).
-9
Suppose 55*m + 146 = -129. Let b(y) = y**2 + 7*y + 1. What is b(m)?
-9
Let u be (-196)/21*(-18)/8. Suppose 2*w = 3*g + 4*w - u, -3*w - 11 = -4*g. Let y(t) = t**2 - 5*t - 4. Determine y(g).
-4
Let u = -28 - -30. Let v(m) = m**2 - 3 + 14 - 3 - m - 7. Calculate v(u).
3
Suppose -2*q - 4 = -2*p, -3*p - 7*q = -3*q - 27. Let x = -1 + p. Let n(a) = -a**3 + 5*a**2 - 4*a - 3. Give n(x).
-3
Let i(j) be the first derivative of -j**4/4 + 4*j**3/3 - 3*j**2/2 + 6052. Let z be -4*(-2 - 1/(-2)). Let u be (4/3)/(4/z). Calculate i(u).
2
Let u(o) = 46*o - 48. Let h be u(-4). Let m be 4/18 + h/72. Let f(v) = v**3 + 3*v**2 - v - 6. Give f(m).
-3
Let y(s) be the second derivative of -s**5/20 + 7*s**4/12 - s**3 + s + 74. What is y(6)?
0
Let b(x) = 2*x + 3. Let d(r) be the third derivative of -r**4/12 - 5*r**3/6 + 37*r**2. Let m(y) = 6*b(y) + 5*d(y). Determine m(7).
7
Let k = 43 + -17. Let z be k/12 - (-5)/(-30). Let t(a) = -a**z - 17*a + 11*a + 14*a - 3. Determine t(5).
12
Let b = 1528 + -1530. Let v(r) = -r**2 - 2*r - 3. Calculate v(b).
-3
Suppose 108 = 43*l - 107. Let y(x) = x - 16. Calculate y(l).
-11
Let i(y) be the first derivative of 1/3*y**3 - y + 9 - 9/2*y**2. Calculate i(9).
-1
Let d(n) = -n**2 + 2*n. Let r be -2*-1*(-46)/4. Let o = r + 27. Let b = o + -3. What is d(b)?
1
Let g(m) = -2*m - 38. Let y be g(-22). Let s(p) = -p**3 + 5*p**2 + 7*p - 6. What is s(y)?
0
Let f(g) be the third derivative of g**6/120 + 7*g**5/60 - g**4/4 - 4*g**3/3 + 78*g**2. Calculate f(-8).
-24
Let k(m) = m**2 + m. Let g(i) = i**2 + 2*i - 14. Let q be g(-4). Let o be q/(-4)*(-12)/6. Calculate k(o).
6
Let h(q) = -5*q**2 - 91*q - 13. Let w be h(-18). Let f(k) = k**3 - 4*k**2 + k - 7. Give f(w).
23
Let n(f) = -f**2 + 5*f - 7. Let t be n(7). Let y = -9 - t. Let b = y - 7. Let z(r) = -r**2 + 3*r + 6. Determine z(b).
-4
Let b(d) = d. Let j(f) = 13*f**2 + 1. Suppose 2*h + 2*h + 4 = 0. Let y be j(h). Let m = y + -12. Determine b(m).
2
Let m(x) = -49*x**3 - x + 1. Let f be m(1). Let a = 79 + f. Let n be a/4 + 13/(-26). Let d(g) = -g**2 + 5*g + 10. Calculate d(n).
-4
Let q(x) = -x**3 + 2*x**2 + 2. Suppose -n = g - 4, -2*g + 4 = -n - 1. Give q(g).
-7
Let n(c) = -1. Let z(m) = -m. Let j(y) = -2*n(y) - z(y). Let w(o) = -o**2 - 8*o + 3. Let l be w(-6). Suppose 0 = -3*p + 6, 4*k + l - 3 = -4*p. Give j(k).
-3
Suppose 3*b = 6*b - 9. Suppose 2*m + 2*m = b*s - 21, -2*s - 5*m = 9. Let i(z) = -z**2 - 3*z + 4. Give i(s).
-14
Let i(v) = -4*v + 5*v + 2 + 365*v**2 - 364*v**2. Calculate i(-3).
8
Let l be (2/(-3))/(3*(-10)/(-135)). Let p be 0 - (16 + -4)/(-3) - l. Let a(k) = k**2 - 7*k - 6. Calculate a(p).
-6
Let j = -19 + 22. Let s(d) = -4*d + 0*d + d - j*d. Let o be -2*((-3)/2 + 1). What is s(o)?
-6
Let d(f) be the second derivative of -f**5/10 - f**4/12 + f**3/6 - f**2 + 133*f. Give d(-2).
8
Let y(j) be the first derivative of -j**2 + 50*j + 632. Give y(22).
6
Let q(g) be the first derivative of g**4/4 - 7*g**3/3 + 3*g**2/2 - 3. Let f = 31 - 41. Let s be (6/f)/(5/(-50)). Give q(s).
-18
Let s(q) be the second derivative of -4*q**3/3 - 7*q**2 + 244*q. Give s(-4).
18
Let p be (1 - -3)*(3 + 1). Let o = -13 + p. Let c(y) = y**2 - 6*y**2 + 3 + 6*y**2 - 6*y. Give c(o).
-6
